5 - -1980)/5*(2 + 1). What are the prime factors of (-105)/(-20) + -5 + h/12?
3, 11
Let p = 188 - 178. What are the prime factors of p?
2, 5
What are the prime factors of (-1874110)/(-1190) + 4/34?
3, 5, 7
Suppose 0 = -3*o + 18 + 57. What are the prime factors of (-166)/(-3) + o/(-75)?
5, 11
Let f = 151 - 75. Let i be (1*-49)/1 + -1. Let a = i + f. What are the prime factors of a?
2, 13
Let w(f) = 6*f - 5. Let c(b) = 2*b - 7 + 3*b - 4*b. Let t be c(9). What are the prime factors of w(t)?
7
Let r be ((-6)/(-3))/(2/1)*26. Suppose 21*x = r*x - 725. List the prime factors of x.
5, 29
Let n = 1 - 43. Let o = n - -108. What are the prime factors of o?
2, 3, 11
Suppose 0 = -4*l + 396 + 1616. What are the prime factors of l?
503
Let r be (-3)/4 + (-319)/(-4). Suppose -2*w + r = -61. List the prime factors of w.
2, 5, 7
Let p = 1699 - 996. What are the prime factors of p?
19, 37
Suppose 3270 = -10*y + 14*y - 5*n, -y + 3*n = -821. What are the prime factors of y?
5, 163
What are the prime factors of -7 + (-66)/(-6) + -1 + 1152?
3, 5, 7, 11
Suppose 2*p + 3*h - 1089 = 968, 2*p + 4*h - 2062 = 0. List the prime factors of p.
1021
Suppose k = -3*c - 25, -c + 3*c = -5*k - 34. Let z(r) = -40*r - 39. List the prime factors of z(c).
241
Let q(f) = 4*f - 8. Let h(j) = -1. Let n(s) = 24*h(s) + q(s). List the prime factors of n(15).
2, 7
Suppose -x + 2*g + g = 25, -2*x - 5*g - 83 = 0. Let y = 237 + x. List the prime factors of y.
7, 29
List the prime factors of 5 + (5 - 509)/(-6).
89
Let k be (-6)/(-4 + 5 - 3). Suppose -k*n = -3*z + 39, 3*z = 3*n - 2*n + 3. Let q = n + 21. List the prime factors of q.
3
Suppose y - 5*t - 1831 = 0, -5*y + 3*t = -t - 9197. What are the prime factors of y?
7, 263
Let q = 1148 + -680. What are the prime factors of q?
2, 3, 13
Let o(m) = 3*m**3 + 2*m**2 - 3*m + 2. Let i be o(1). Let u be i/18 - (-1454)/18. What are the prime factors of (18/27)/(2/u)?
3
Let f = -11 + 15. Let h be 9/f + (-6)/24. Suppose -h*t - 10 = -2*q, 49 - 15 = 2*q + 4*t. List the prime factors of q.
3
Suppose 2*a = 5*i - 34 + 449, -5*a = i - 997. What are the prime factors of a?
2, 5
Let y(c) = c + 40. Let a(b) = b - 13. Let t be a(13). List the prime factors of y(t).
2, 5
List the prime factors of 14/21 - ((-752)/6 - -3).
3, 41
Let f(i) = i**3 - 9*i**2 + 13*i + 26. List the prime factors of f(10).
2
Let s = -56 - 14. Let v be 97 - (-2 + 0 - 0). Let i = v + s. What are the prime factors of i?
29
What are the prime factors of 886/2 - 9/(-3 - 6)?
2, 3, 37
What are the prime factors of ((-28)/(-3))/((-46)/(-1863))?
2, 3, 7
Let a = -31 - -35. Suppose a*g = -4*n + 128, 5*n = -g + 125 + 39. List the prime factors of n.
3, 11
Let j(h) = -h**2 + 12*h + 4. Let w be j(12). Let q be (-417)/(-7) + w/(-7). Suppose -g + x = -4*g + q, 5*g = 5*x + 85. List the prime factors of g.
19
Let p be -4 - 0*5/15. Let g(b) = -4 - 2*b - 4*b - b. List the prime factors of g(p).
2, 3
Suppose -4*c + 10 = -0*c - 3*r, 4*c - 22 = -3*r. Let p be (c/(-8))/(1/(-26)). Let b = p - 8. List the prime factors of b.
5
Suppose 3*n - 2*g = -1 - 1, -3*n - 4*g = -22. Suppose 30 = n*s + s. Suppose 3*f = s + 206. List the prime factors of f.
2, 3
Suppose -m - 16 = 5*s, -2*m = 5*s + 3*m + 20. Let c be ((-6)/5)/(s/20). Let f(z) = -z**3 + 8*z**2 + 6*z - 4. List the prime factors of f(c).
2, 11
Let w = 333 + -164. List the prime factors of w.
13
Suppose -2*r = -7*r + 210. Let j = r + -23. What are the prime factors of j?
19
Suppose -1 - 3 = -h. Suppose h*s = -s + 415. What are the prime factors of s?
83
List the prime factors of 1820 + ((-16)/64 - 23/4).
2, 907
Let u(k) = -64*k + 2. Let z(d) = 43*d - 1. Let h(o) = -5*u(o) - 8*z(o). Let c(s) = s**2 - 9*s - 2. Let i be c(9). What are the prime factors of h(i)?
2, 23
Let v = 162 + 382. What are the prime factors of v?
2, 17
Suppose 5*q + 19 = 4. What are the prime factors of q/((-15)/65) + -4?
3
Let t(k) = -k**3 - 4*k**2 + 7*k - 13. Let i be t(-7). Suppose -4*h = 4*c + h - 161, 0 = 2*c + h - i. List the prime factors of c.
2, 11
Let t(j) = -j**2 - 7*j + 7. Suppose 3*x - 5*m = -2*x, -4*m = 5*x - 36. Suppose 0 = -x*a - 27 - 1. What are the prime factors of t(a)?
7
List the prime factors of 493 + (144/9)/2.
3, 167
Let u(w) = -12*w + 8. Let p(f) = -4*f + 3. Let x(t) = 11*p(t) - 4*u(t). List the prime factors of x(5).
3, 7
Let g be 150/12*6 + -1. Let t(o) = o**2 + 4*o - 5. Let a be t(5). Let d = g - a. What are the prime factors of d?
2, 17
Suppose -1686 = -7*n + n. Let p = n - 173. What are the prime factors of 4 + p/2 + 2?
2, 3, 5
Let g be ((-2)/(-4) + 0)*-16. Let x = 115 - 95. Let h = x + g. List the prime factors of h.
2, 3
Let z be 1 + 3 - (2 - 175). Suppose -2*t - 19 = -z. Suppose 5*n - 204 = m, -2*n + 2*m + t = -m. What are the prime factors of n?
41
Let u = -1651 + 2397. List the prime factors of u.
2, 373
Let o(n) = 24*n**2 - 137*n + 2. What are the prime factors of o(7)?
3, 73
Let y(n) = 4*n**3 + 3*n - 2. Let d be y(1). Let h = d + 20. List the prime factors of h.
5
Let s be 1/((-1)/(-12) + 0). Let k = 12 - s. Suppose -5*l - t = -11, -5*l - 4*t + 14 = -k*t. What are the prime factors of l?
2
Suppose 3*d = -5 - 1. Let n be (-3)/((-60)/(-25)) + (-2)/(-8). List the prime factors of (n + d)/(3/(-6)).
2, 3
Let l be 10/65 + 11282/13. Suppose 2*n - 6*n + l = 0. What are the prime factors of n?
7, 31
Suppose 4*h + 5200 = 3*m, -3*h - 8663 = 4*m - 9*m. What are the prime factors of m?
2, 433
Let m(y) = -12*y - 1. Let z be m(-26). Suppose 5*c = v + 555, 4*c - v = z + 134. List the prime factors of c.
2, 5, 11
Suppose -2213 + 37909 = 23*p. What are the prime factors of p?
2, 97
Let a(j) = -55*j**2 - 5*j - 9. Let p be a(-2). Let o = p + 362. What are the prime factors of o?
11, 13
Let l = -369 - -1064. What are the prime factors of l?
5, 139
Let c = -7 - -7. Let t be -2 + c + (-6)/(-3). What are the prime factors of -10*(t - 1/2)?
5
Let i = -28 - -35. Suppose 0 = -2*s + i + 81. What are the prime factors of s?
2, 11
What are the prime factors of 72072/22 - (6 + -15)?
3, 5, 73
Suppose 0 = 2*n + 7 - 11. Suppose -3*s - n*i = -4*i - 407, 5*s + 2*i - 705 = 0. What are the prime factors of s?
139
Suppose -167 = -3*m - 3*g + 289, -2*m - 5*g = -292. Suppose -2*k + 4*k - m = -2*p, 0 = 3*p - 6. List the prime factors of k.
2, 19
Let t(c) be the third derivative of -31*c**6/40 + c**5/60 + c**4/12 + c**3/6 + 12*c**2. List the prime factors of t(-1).
3, 31
Let u be 9*(-2)/(-3) - -1. Let d = -2 + u. Suppose 25 = 4*s + d. What are the prime factors of s?
5
Let j(x) be the third derivative of -8*x**2 + 1/3*x**3 + 0*x + 0 - 1/24*x**4 + 1/15*x**5. List the prime factors of j(3).
5, 7
Let v = 19 - 20. Let m be v + 0 + (-13 - -12). List the prime factors of (60/42)/(m/(-28)).
2, 5
Let d be -1*(-1)/(2/(-38)). Let m = d + 21. Suppose 0*g + 4 = m*g. List the prime factors of g.
2
Suppose -4*l + 12*l - 24 = 0. Suppose -131 = l*x - 488. What are the prime factors of x?
7, 17
Suppose 9 + 16 = -5*q. Let k be ((-2)/q)/((-6)/120). Let r(w) = w**3 + 7*w**2 - 10*w + 1. What are the prime factors of r(k)?
17
Suppose 8*t = -5216 + 26296. What are the prime factors of t?
5, 17, 31
Suppose -3*y + l + 3 = -y, 3*y - 4*l = 7. Let n(b) = 3*b - y + b + 5*b**2 + 4*b**2 - 9 + b**3. List the prime factors of n(-8).
2, 11
Let b(y) = y**3 - 3*y**2 - 5*y + 4. Let p be b(4). Suppose -23 = -2*x + 3*v, p = -v + 5*v + 20. What are the prime factors of x?
2
Let v(q) = -132*q. Let o be v(-2). Let k be o/(-16)*(-6)/3. Suppose -2*b + k = s, -3*s + b + 177 = s. List the prime factors of s.
43
Suppose -16 = -4*q - 4*j, -30 = 3*q - 6*q + 3*j. Let r(v) = -5 - 20*v**2 - q*v + 22*v**2 - 3. What are the prime factors of r(6)?
2, 11
Let n = -39 + 44. Suppose 0 = -z + 4*c - 13, -z + 4*z + n*c - 29 = 0. List the prime factors of z.
3
Suppose -125*h + 46*h + 237 = 0. What are the prime factors of h?
3
Let b(q) = 46*q**2 - 11*q - 13. List the prime factors of b(-1).
2, 11
Let h = -882 - -2463. List the prime factors of h.
3, 17, 31
Let d = 2330 + -38. What are the prime factors of d?
2, 3, 191
Let t(x) = -x**3 + 13*x**2 - 7*x + 15. Let s be t(11). Suppose -4*b = -108 - s. List the prime factors of (-6)/16 + 5211/b.
2, 3
Let t(p) = -2*p**2 + 15*p - 13. Let y be t(9). Let j = 198 - y. List the prime factors of j.
2, 7, 17
Let d(j) = 2*j**2 -